{"id":16284,"date":"2025-03-05T12:08:31","date_gmt":"2025-03-05T12:08:31","guid":{"rendered":"https:\/\/aqua-win.az\/?post_type=product&#038;p=16284"},"modified":"2025-03-05T12:09:51","modified_gmt":"2025-03-05T12:09:51","slug":"tam-avtomatik-mexaniki","status":"publish","type":"product","link":"https:\/\/aqua-win.az\/index.php\/product\/tam-avtomatik-mexaniki\/","title":{"rendered":"Tam Avtomatik Mexaniki Su T\u0259mizl\u0259m\u0259 Sistemi 10\u00d754 Filtr \u00c7\u0259ni il\u0259"},"content":{"rendered":"<ul class=\"product-single___list tt-list tt-list__color01\">\n<li>\n<table width=\"330\">\n<tbody>\n<tr>\n<td width=\"160\"><strong>\u0130dar\u0259 etm\u0259 paneli<\/strong><\/td>\n<td width=\"170\">Fobrite<\/td>\n<\/tr>\n<\/tbody>\n<\/table>\n<\/li>\n<li>\n<table width=\"330\">\n<tbody>\n<tr>\n<td width=\"160\"><strong>Birl\u0259\u015fm\u0259<\/strong><\/td>\n<td width=\"170\">3\/4\u201d<\/td>\n<\/tr>\n<tr>\n<td width=\"160\"><strong>Su istehsal\u0131<\/strong><\/td>\n<td width=\"170\">1 m\u00b3\/saat<\/td>\n<\/tr>\n<tr>\n<td width=\"160\"><strong>\u00d6z\u00fcn\u00fc yuma zaman\u0131<\/strong><\/td>\n<td width=\"170\">20-30 d\u0259qiq\u0259<\/td>\n<\/tr>\n<tr>\n<td width=\"160\"><strong>G\u0259rginlik<\/strong><\/td>\n<td width=\"170\">220V\/50Hz<\/td>\n<\/tr>\n<tr>\n<td width=\"160\"><strong>Filtr edici mineral<\/strong><\/td>\n<td width=\"170\">Kvars qumu<\/td>\n<\/tr>\n<tr>\n<td width=\"160\"><strong>Mineral h\u0259cmi<\/strong><\/td>\n<td width=\"170\">50 kg<\/td>\n<\/tr>\n<tr>\n<td width=\"160\"><strong>Markas\u0131<\/strong><\/td>\n<td width=\"170\">Aqualine<\/td>\n<\/tr>\n<tr>\n<td width=\"160\"><strong>Filtr \u00e7\u0259ni<\/strong><\/td>\n<td width=\"170\">10\u00d754<\/td>\n<\/tr>\n<tr>\n<td width=\"160\"><strong>Giri\u015f t\u0259zyiqi<\/strong><\/td>\n<td width=\"170\">3 bar<\/td>\n<\/tr>\n<tr>\n<td width=\"160\"><strong>Maksimal t\u0259zyiq<\/strong><\/td>\n<td width=\"170\">6 bar<\/td>\n<\/tr>\n<\/tbody>\n<\/table>\n<\/li>\n<\/ul>\n","protected":false},"excerpt":{"rendered":"<p>\u0130dar\u0259 etm\u0259 paneli Fobrite Birl\u0259\u015fm\u0259 3\/4\u201d Su istehsal\u0131 1 m\u00b3\/saat \u00d6z\u00fcn\u00fc yuma zaman\u0131 20-30 d\u0259qiq\u0259 G\u0259rginlik 220V\/50Hz Filtr edici mineral<\/p>\n","protected":false},"featured_media":16285,"comment_status":"closed","ping_status":"closed","template":"","meta":[],"product_cat":[20],"product_tag":[],"class_list":{"0":"post-16284","1":"product","2":"type-product","3":"status-publish","4":"has-post-thumbnail","6":"product_cat-su-filteri-cihazi","8":"first","9":"instock","10":"shipping-taxable","11":"purchasable","12":"product-type-simple"},"_links":{"self":[{"href":"https:\/\/aqua-win.az\/index.php\/wp-json\/wp\/v2\/product\/16284","targetHints":{"allow":["GET"]}}],"collection":[{"href":"https:\/\/aqua-win.az\/index.php\/wp-json\/wp\/v2\/product"}],"about":[{"href":"https:\/\/aqua-win.az\/index.php\/wp-json\/wp\/v2\/types\/product"}],"replies":[{"embeddable":true,"href":"https:\/\/aqua-win.az\/index.php\/wp-json\/wp\/v2\/comments?post=16284"}],"version-history":[{"count":3,"href":"https:\/\/aqua-win.az\/index.php\/wp-json\/wp\/v2\/product\/16284\/revisions"}],"predecessor-version":[{"id":16288,"href":"https:\/\/aqua-win.az\/index.php\/wp-json\/wp\/v2\/product\/16284\/revisions\/16288"}],"wp:featuredmedia":[{"embeddable":true,"href":"https:\/\/aqua-win.az\/index.php\/wp-json\/wp\/v2\/media\/16285"}],"wp:attachment":[{"href":"https:\/\/aqua-win.az\/index.php\/wp-json\/wp\/v2\/media?parent=16284"}],"wp:term":[{"taxonomy":"product_cat","embeddable":true,"href":"https:\/\/aqua-win.az\/index.php\/wp-json\/wp\/v2\/product_cat?post=16284"},{"taxonomy":"product_tag","embeddable":true,"href":"https:\/\/aqua-win.az\/index.php\/wp-json\/wp\/v2\/product_tag?post=16284"}],"curies":[{"name":"wp","href":"https:\/\/api.w.org\/{rel}","templated":true}]}}