{"id":16305,"date":"2025-03-05T12:14:11","date_gmt":"2025-03-05T12:14:11","guid":{"rendered":"https:\/\/aqua-win.az\/?post_type=product&#038;p=16305"},"modified":"2025-03-05T12:14:23","modified_gmt":"2025-03-05T12:14:23","slug":"aquabright-uclu-filtr","status":"publish","type":"product","link":"https:\/\/aqua-win.az\/index.php\/product\/aquabright-uclu-filtr\/","title":{"rendered":"Aquabright \u00fc\u00e7l\u00fc filtr"},"content":{"rendered":"<ul class=\"product-single___list tt-list tt-list__color01\">\n<li>M\u0259tb\u0259x \u00fc\u00e7\u00fcn qura\u015fd\u0131r\u0131lma oluna bilir, su 1-2-3 tipli a\u00e7\u0131q karticl\u0259rd\u0259n ke\u00e7\u0259r\u0259k, suyun t\u0259rkibini y\u00fcng\u00fcll\u0259\u015fdirir.<\/li>\n<li>Suda olan qumu, lili saxlay\u0131r, suyun coldlu\u011funu v\u0259 a\u011f\u0131rl\u0131\u011f\u0131n\u0131 aradan qald\u0131r\u0131r.<\/li>\n<li>Rusiya istehsal\u0131<\/li>\n<\/ul>\n","protected":false},"excerpt":{"rendered":"<p>M\u0259tb\u0259x \u00fc\u00e7\u00fcn qura\u015fd\u0131r\u0131lma oluna bilir, su 1-2-3 tipli a\u00e7\u0131q karticl\u0259rd\u0259n ke\u00e7\u0259r\u0259k, suyun t\u0259rkibini y\u00fcng\u00fcll\u0259\u015fdirir. Suda olan qumu, lili saxlay\u0131r, suyun<\/p>\n","protected":false},"featured_media":16306,"comment_status":"closed","ping_status":"closed","template":"","meta":[],"product_cat":[20],"product_tag":[],"class_list":{"0":"post-16305","1":"product","2":"type-product","3":"status-publish","4":"has-post-thumbnail","6":"product_cat-su-filteri-cihazi","8":"first","9":"instock","10":"shipping-taxable","11":"product-type-simple"},"_links":{"self":[{"href":"https:\/\/aqua-win.az\/index.php\/wp-json\/wp\/v2\/product\/16305","targetHints":{"allow":["GET"]}}],"collection":[{"href":"https:\/\/aqua-win.az\/index.php\/wp-json\/wp\/v2\/product"}],"about":[{"href":"https:\/\/aqua-win.az\/index.php\/wp-json\/wp\/v2\/types\/product"}],"replies":[{"embeddable":true,"href":"https:\/\/aqua-win.az\/index.php\/wp-json\/wp\/v2\/comments?post=16305"}],"version-history":[{"count":1,"href":"https:\/\/aqua-win.az\/index.php\/wp-json\/wp\/v2\/product\/16305\/revisions"}],"predecessor-version":[{"id":16307,"href":"https:\/\/aqua-win.az\/index.php\/wp-json\/wp\/v2\/product\/16305\/revisions\/16307"}],"wp:featuredmedia":[{"embeddable":true,"href":"https:\/\/aqua-win.az\/index.php\/wp-json\/wp\/v2\/media\/16306"}],"wp:attachment":[{"href":"https:\/\/aqua-win.az\/index.php\/wp-json\/wp\/v2\/media?parent=16305"}],"wp:term":[{"taxonomy":"product_cat","embeddable":true,"href":"https:\/\/aqua-win.az\/index.php\/wp-json\/wp\/v2\/product_cat?post=16305"},{"taxonomy":"product_tag","embeddable":true,"href":"https:\/\/aqua-win.az\/index.php\/wp-json\/wp\/v2\/product_tag?post=16305"}],"curies":[{"name":"wp","href":"https:\/\/api.w.org\/{rel}","templated":true}]}}